4
Let t(b) = b**2 - 6*b + 12. Suppose 4*z + 5*u = 43, z = 5*u - 13 + 5. Determine t(z).
19
Let o(z) = -7*z**3 - 40*z**2 + z - 1. Let t(d) = 2*d**3 + 10*d**2. Let w(j) = 3*o(j) + 11*t(j). Determine w(10).
27
Let r(j) = 10 + 9 - 6 - 1 + j**2 - 9*j. Give r(8).
4
Let l(y) = 9*y + 10. Let d = 102 - 95. Let b(f) = 10*f + 11. Let n(r) = d*l(r) - 6*b(r). Give n(-4).
-8
Suppose 15 + 38 = 5*r - 2*j, 3*r - 39 = 3*j. Let f be ((-12)/(-10))/(r/(-30)). Let w(p) be the second derivative of p**3/6 + 2*p**2 - 4*p. What is w(f)?
0
Let s(h) = -11*h**3 + 2*h**2 - 3*h + 2. Suppose 0*z = -4*f + z + 1, 3*f = -5*z + 18. Determine s(f).
-10
Let o(d) = -d**3 + 5*d**2 + 7*d + 5. Let y be o(6). Let n(i) = 2*i - 14. What is n(y)?
8
Let j(u) = u**3 + 6*u**2 + 15*u + 6. Let v(h) = -7*h**3 - 37*h**2 - 92*h - 35. Let t(p) = -13*j(p) - 2*v(p). Give t(6).
-2
Let l(v) = -v**3 + 4*v**2 + 5*v + 2. Let x be l(5). Let s(r) = -3*r + 13*r**3 - r**2 + 2*r + 0*r**x. Let p = -19 + 18. What is s(p)?
-13
Let k(r) be the second derivative of r**4/12 - r**3/6 - r**2/2 + 14*r. Let t(j) = -7*j**2 + 3*j + 10. Let n(p) = 6*k(p) + t(p). Determine n(-6).
-14
Let k(j) = j**2 + 4*j + 3. Let h be k(-4). Let u(p) = 1 - 3*p**2 - 2*p + 6*p**3 - 15*p**3 + 10*p**h. Give u(3).
-5
Let r(k) be the first derivative of -9*k**4/4 + k - 104. Determine r(-1).
10
Let u(y) be the first derivative of y**4/4 - y**3 + 3*y**2/2 - 515. Let s be 8/3 - 2/(-6). Determine u(s).
9
Let h(s) = 3*s - 1. Suppose 0 = -5*r + 3*j - 2*j, 2*j - 10 = 0. What is h(r)?
2
Let k(o) = 2*o**3 + 2*o - 1. Let j(l) = -9*l**3 - 3*l**2 - 9*l + 9. Let p(z) = j(z) + 5*k(z). Calculate p(3).
7
Let y = 5 - 8. Let m(u) = -5*u**2 + 10*u + 4. Let n(c) = 2*c**2 - 3*c - 2. Let w(z) = -3*m(z) - 8*n(z). What is w(y)?
13
Suppose 11 - 1 = 5*q. Let p be (-2)/(-6 - (-35)/7). Let f(x) = -2 + 1 + 3*x - p*x**2 + 3*x**2 + 0*x**q. Give f(-4).
3
Let g(r) = r**2 + 2*r - 2. Suppose 0 = -4*a + 12 - 0. Let u = a - 14. Let w be u/(33/18) + 1. Determine g(w).
13
Suppose 7 = 2*w - 5. Let r(o) = -5 - 5 + w + o**2 + 5 - 7*o. What is r(6)?
-5
Suppose 0*u = -u + 89. Let n = u - -23. Let l(w) = -n*w + 3 + 111*w + 4. Calculate l(5).
2
Let q(l) be the first derivative of -2*l**3/3 - l**2/2 + 3*l - 24. What is q(-2)?
-3
Let a(f) = 3*f**2 - 5*f + 7. Suppose 31*u - u - 150 = 0. Calculate a(u).
57
Let o(v) be the first derivative of -18 + 7*v - 2*v**3 - 1/4*v**4 + 0*v**2. Let i(t) = -t**3 + 4*t**2 + 5*t - 6. Let m be i(5). What is o(m)?
7
Suppose -4*f + 15 = -7*h + 4*h, -h = 5*f - 33. Let n(k) be the first derivative of -k**4/4 + 2*k**3 + 3*k**2/2 + 1091. What is n(f)?
18
Let f(s) be the third derivative of s**3 + 0*s + 0 + 8*s**2 + 1/60*s**5 + 1/4*s**4. Suppose 2*d + 3*d + 25 = 0. Determine f(d).
1
Let f(v) = -3*v**2 - 56*v + 27. Let i be f(-19). Let w(j) = j. Let q(h) = h**2 - 10*h + 4. Let s(p) = -q(p) - w(p). Calculate s(i).
4
Let x be (-1)/2 - (-126)/12. Let q(m) = -m**3 + 5*m**2 + m + 6. Let c be q(5). Let l(g) = g + g + c - x. Give l(2).
5
Let j(h) = -h + 2. Let b be j(0). Let v(r) = -7 - 2*r + 0 + 4 + 2*r**b + 2 + 2*r**3. Let g be 1*(1 - 1 - 2). What is v(g)?
-5
Let n(l) be the first derivative of -l**5/20 + l**4/3 - 2*l**3/3 + l**2 + 13*l - 10. Let x(a) be the first derivative of n(a). Determine x(3).
-1
Suppose 3*o - 6 + 2 = -n, 0 = 4*n + 3*o + 2. Let z(h) = -h**3 + h**2 + h + 1. Let y(s) = -5*s**3 + 5*s**2 + 8*s + 6. Let f(b) = y(b) - 6*z(b). Determine f(n).
-16
Let b be 2*(-2)/(-22) - 36/(-44). Let l be -3*b - 8/8. Let o(j) = j**3 + 3*j**2 - 3*j + 2. Calculate o(l).
-2
Let x(y) = -y**3 + 12*y**2 - 4*y - 13. Let l be x(9). Let g(o) = -194 + l + o. Suppose h - 8 = -3*h. Give g(h).
2
Let u(r) = 273*r - 6 + 252*r - 524*r. What is u(8)?
2
Let t(l) = -9*l**2 - 2*l - 1. Suppose 0 = -0*s - s. Suppose 6*i - i - 20 = s. Suppose -2*h + 2*w - 8 = 0, i*h + h + 3*w - 4 = 0. Give t(h).
-8
Let x = 9 - 9. Suppose 3 = p + z, p = 3*z - 1 + 4. Let s(r) = -2 - p + 4 - 4 - r. Determine s(x).
-5
Let v(m) = -13*m**2 - 1 - 3 - 3*m + 17*m**2 - 2 + m**3. Let q be v(-4). Let f(g) = g**2 - 7*g + 3. Calculate f(q).
-3
Let s(g) = 10*g - 225. Let j be s(22). Let q(f) = f**2 + 4*f + 7. Give q(j).
12
Let q(m) = m**3 + 5*m**2 + 2*m - 1. Let a = 80 - 85. Let b be a/(-30) + 3/(18/(-13)). Calculate q(b).
7
Let g(w) be the second derivative of 13*w**3/6 + 5*w**2/2 + 17*w + 4. Determine g(-3).
-34
Let t be 1/(2/4*2). Let k(b) = -b + 3*b + b**2 + 2 - t. Suppose 0 = -11*z - 31 - 13. Calculate k(z).
9
Suppose q + 3*q - 2 = b, -q = -5*b + 9. Let j(c) = 4 - b - 3 + 2*c + 0. Let x = -24 - -21. Determine j(x).
-7
Let i(j) = j**3 - 4*j**2 + 4*j - 4. Let t be (-28)/(-6) + (-11)/(231/14). Determine i(t).
12
Let l(p) = 60 + 40 - 7*p + 2*p - 121. Give l(-5).
4
Let a(j) be the first derivative of j**3/3 + 4*j**2 + 4*j + 112. Determine a(-8).
4
Let a(x) = 8*x + 2. Let p(b) be the first derivative of -7*b**2/2 - 2*b - 42. Let u be -1*2 - (6 + -3). Let i(z) = u*a(z) - 6*p(z). Determine i(-5).
-8
Suppose 14*p + 16 + 26 = 0. Let x(u) = u**2 + u - 4. Determine x(p).
2
Let g be (-58)/(-29)*(0 + 1). Let n(k) = -k**3 - k**2 - 3*k + 1. What is n(g)?
-17
Let x(b) = b**2 - 2. Let g(s) = -s**2 - 8*s. Let o be g(-8). Suppose -5*w + o*w = 45. Let j = 6 + w. Give x(j).
7
Let c(i) be the second derivative of i**5/10 + i**4/12 - 19*i**2/2 + 34*i. Let n(w) be the first derivative of c(w). Determine n(-2).
20
Let g(v) be the third derivative of -v**4/24 + 10*v**3/3 + 2*v**2. Let u be g(16). Let z(l) = l - 5. Calculate z(u).
-1
Let c = 14 - 9. Let d(x) = -5*x**2 - x + 1. Let j(l) = 3*l**2 + l - 1. Let u = -8 + 16. Let t(i) = c*d(i) + u*j(i). What is t(4)?
-7
Let n(j) = 9*j**3 - 2*j**2 + 2*j - 1. Let b(g) = -g**3 - g + 1. Let m(r) = 2*b(r) + n(r). What is m(1)?
6
Let r(c) be the third derivative of -c**5/60 - 5*c**4/24 + 3*c**3/2 - 2*c**2. Let m(u) = -39*u + 1358. Let v be m(35). Determine r(v).
-5
Suppose 0 = -4*y + 7*y + 5*l - 14, 2*l - 2 = 0. Let z(f) = -y + f + f + f - 8*f. Determine z(-3).
12
Let i(u) = -50*u - 44. Let h be i(-1). Let w(n) = n**2 - 3*n + 1. What is w(h)?
19
Let w(i) = -i**3 - 4*i**2 + 4. Let s = -50 - 86. Let j be (-8)/36 + s/36. Calculate w(j).
4
Let u(y) = -y**3 + y**2 + y - 1. Let l(q) = -q**3 - 2*q**2 - 5*q + 4. Suppose 12 = 4*k - 4*x, -2*x - 1 = 5*k - 9. Let o(v) = k*u(v) - l(v). What is o(5)?
4
Let i(m) = 6*m**2 + 9*m**3 - 8*m**2 + 4 - 4*m**2 + m**2 - 8*m**3. Calculate i(5).
4
Let p(k) = -5*k**3 + 17*k**2 + 16*k + 8. Let t(u) = 8*u**3 - 33*u**2 - 31*u - 15. Let y(h) = -5*p(h) - 3*t(h). Give y(-13).
5
Suppose -6 - 24 = -5*u. Suppose -6*w + u = -4*w. Let v = 1 - w. Let n(a) = -a**3 - 2*a**2 - 2. Calculate n(v).
-2
Let m = 19 + -17. Suppose -m*l + l = -5*l. Let w(b) = 2*b + 9 + 2*b - 3*b. What is w(l)?
9
Let f(j) be the first derivative of -j**4 + j**3/3 - j**2 + j - 36. Suppose -r - 3*y = -12, -4*r + y - 6*y + 20 = 0. Suppose 3*l - l - 2 = r. Determine f(l).
-4
Let j(i) = i - 2. Suppose -2*t = 4*m - 78 + 26, 0 = -2*t - 3*m + 47. Suppose 0 = -t*h + 20*h. Determine j(h).
-2
Let i(v) = 2*v + 3. Let u be -21 + 13 - 12/(-2). Calculate i(u).
-1
Let n(a) be the first derivative of -a**2 - 2 - 2/3*a**3 - a. Determine n(-1).
-1
Let x(c) = c**3 + 5*c**2 + c. Suppose 0 = -n + 5*t, 22 + 3 = -4*n - 5*t. Determine x(n).
-5
Let i(g) be the second derivative of g**5/20 - g**4/3 - 5*g**3/6 + 5*g**2/2 + 44*g. What is i(5)?
5
Let f = 0 - 1. Let k be f/1*-5*2. Suppose -3*y + k = x, 0*y - 8 = -4*y - 4*x. Let b(c) = 2*c + 5. Determine b(y).
13
Let v(s) = s**2 - 13*s - 8. Let n be v(14). Let r(m) = -26 - m + n + 6 + 6. What is r(-12)?
4
Let g(o) = -o - 1. Let m(r) = 4*r + 7. Let d(x) = -6*g(x) - m(x). Suppose 3*s = -0*f + 3*f - 21, 2*f - 4*s - 20 = 0. Let k be 2 + (4 + 0)/f. What is d(k)?
5
Let q(v) be the first derivative of v**4/4 - 5*v**3/3 - 9*v**2/2 - 10*v - 4. Let t be ((-82)/(-123))/(4/42). Give q(t).
25
Let f(y) = 564*y**3 - 562*y**3 + 2*y**2 + 2 - 2 + 2. Let x(p) = p**2 - 4*p + 1. Let v be x(3). What is f(v)?
-6
Let o be 24/(-28)*14/2 + 0. Let r(j) = -3*j**2 + 11*j + 8. Let h(s) = 4*s**2 - 17*s - 12. Let l(p) = -5*h(p) - 7*r(p). What is l(o)?
-8
Let b(j) be the second derivative of j**5/120 + j**4/8 - 10*j**3/3 + 8*j. Let r(i) be the second derivative of b(i). Give r(-5).
-2
Let s(y) = y**2 - y - 17. Suppose -39*c + 311 = 116. De